r?
False
Is 53989 a prime number?
False
Is 25353466 a prime number?
False
Is 89548073 composite?
False
Is 309626399 prime?
True
Is 625007 a composite number?
False
Is 4801457 a composite number?
True
Is 9299881 prime?
False
Is 42845771 composite?
True
Is 14072327 a prime number?
True
Is 2143423 a composite number?
True
Is 233848687 a composite number?
False
Is 45727873 a prime number?
True
Is 1909 prime?
False
Is 50691139 a composite number?
False
Is 1281029 a composite number?
False
Is 5606261 a prime number?
True
Is 6474851 prime?
False
Is 47516709 a prime number?
False
Is 14652087 a composite number?
True
Is 7018393 a prime number?
False
Is 15285353 a prime number?
True
Is 379847581 a prime number?
True
Is 2692841 composite?
True
Is 65111213 a composite number?
False
Is 419403 prime?
False
Is 2914183 a composite number?
False
Is 1009457 a prime number?
True
Is 13419293 a prime number?
True
Is 17341817 a prime number?
False
Is 1632013 a prime number?
True
Is 242312503 a composite number?
False
Is 13119233 composite?
False
Is 29534833 prime?
False
Is 319639 prime?
True
Is 873551 prime?
False
Is 17975137 composite?
True
Is 8115953 composite?
True
Is 25522027 a prime number?
False
Is 769717 a composite number?
True
Is 9083117 prime?
False
Is 17146333 prime?
True
Is 140635013 a prime number?
True
Is 246900677 composite?
False
Is 230657389 composite?
True
Is 31425367 a prime number?
False
Is 479861 prime?
True
Is 28481737 composite?
False
Is 7180609 a prime number?
False
Is 15175841 a composite number?
False
Is 4567237 a composite number?
True
Is 4059271 a composite number?
False
Is 1193081 prime?
True
Is 14370359 prime?
True
Is 4315513 prime?
False
Is 368579 a prime number?
True
Is 109326785 prime?
False
Is 191311 a prime number?
False
Is 2258441 composite?
True
Is 12576901 prime?
True
Is 11916041 composite?
False
Is 36319273 a prime number?
True
Is 5388479 a prime number?
True
Is 60640915 composite?
True
Is 88196585 a composite number?
True
Is 11008631 composite?
True
Is 36507389 composite?
False
Is 1713769 composite?
False
Is 101904437 composite?
True
Is 3857263 a prime number?
True
Is 7689353 a composite number?
True
Is 11346638 a prime number?
False
Is 1623029 a composite number?
False
Is 12682147 composite?
True
Is 169739893 a prime number?
False
Is 2516021 prime?
True
Is 6774671 a prime number?
True
Is 9985721 a composite number?
True
Is 558307 prime?
True
Is 13975795 a prime number?
False
Is 7413473 prime?
False
Is 5793733 a prime number?
False
Is 163067 a composite number?
True
Is 29004857 a composite number?
True
Is 441653 prime?
False
Is 11061119 composite?
False
Is 22713703 composite?
True
Is 45857017 a composite number?
True
Is 318989949 composite?
True
Is 28104859 a composite number?
True
Is 4181897 composite?
False
Is 3025487 a prime number?
True
Is 4678319 a prime number?
True
Is 7517371 prime?
True
Is 1480801 composite?
True
Is 81121063 prime?
False
Is 116621 composite?
True
Is 9383627 prime?
False
Is 88003631 prime?
True
Is 52878733 a composite number?
True
Is 3552061 a composite number?
True
Is 2094569 a composite number?
False
Is 191427151 a composite number?
False
Is 493429763 a composite number?
False
Is 149687093 prime?
False
Is 30197407 a prime number?
True
Is 2064617 a prime number?
False
Is 8023363 a composite number?
False
Is 75047257 a composite number?
False
Is 386095791 composite?
True
Is 335066903 a prime number?
True
Is 11137603 composite?
False
Is 33049099 a composite number?
False
Is 64719143 a prime number?
True
Is 4751581 a composite number?
True
Is 572317 a composite number?
True
Is 987263 a composite number?
True
Is 57859954 composite?
True
Is 13917439 composite?
True
Is 9667621 a prime number?
False
Is 167861 a prime number?
True
Is 4727711 a composite number?
False
Is 441761 a composite number?
True
Is 11555183 composite?
False
Is 3975073 composite?
True
Is 1770271 a prime number?
True
Is 130103891 a composite number?
False
Is 433337 composite?
False
Is 151531 a composite number?
False
Is 10889249 composite?
True
Is 12342251 a composite number?
True
Is 129230743 a composite number?
False
Is 4591891 a prime number?
True
Is 1267405105 a composite number?
True
Is 4668043 prime?
False
Is 294695851 a prime number?
True
Is 4635143 a composite number?
False
Is 56513723 a composite number?
True
Is 48878 prime?
False
Is 54537043 composite?
True
Is 43193779 prime?
True
Is 89495417 a prime number?
False
Is 37841473 prime?
False
Is 4072381 prime?
False
Is 264170117 composite?
False
Is 257326109 prime?
False
Is 77135587 a composite number?
False
Is 325906501 prime?
False
Is 78798487 prime?
True
Is 285032677 a prime number?
False
Is 91372771 prime?
False
Is 26240183 prime?
True
Is 239094931 a prime number?
True
Is 169311937 prime?
True
Is 309811 composite?
False
Is 5472319 a prime number?
True
Is 3683567 a composite number?
True
Is 221455121 a composite number?
True
Is 4711589 prime?
False
Is 25217623 composite?
False
Is 2626291 composite?
False
Is 2191817 composite?
True
Is 88192757 prime?
False
Is 60383879 composite?
False
Is 213709 a prime number?
False
Is 5036453 a composite number?
False
Is 148598363 a composite number?
False
Is 97372127 a prime number?
False
Is 589801 composite?
True
Is 26377174 a composite number?
True
Is 47145233 a composite number?
True
Is 124241809 composite?
True
Is 432670507 a composite number?
False
Is 47146943 prime?
False
Is 7580663 composite?
False
Is 618334 prime?
False
Is 34074857 composite?
False
Is 149945095 composite?
True
Is 17410577 a composite number?
False
Is 1082755 composite?
True
Is 3814595 composite?
True
Is 157413479 composite?
True
Is 139150181 a composite number?
True
Is 2555261 a composite number?
False
Is 235770719 a composite number?
False
Is 3614363 composite?
False
Is 10149653 composite?
False
Is 172855703 composite?
False
Is 10879331 a prime number?
True
Is 2189723 composite?
False
Is 41967127 a composite number?
False
Is 964163 prime?
False
Is 1467322999 prime?
True
Is 9945937 a prime number?
True
Is 74518859 a prime number?
True
Is 3082073 composite?
False
Is 40537723 a composite number?
False
Is 27297917 a prime number?
True
Is 10823434 a prime number?
False
Is 227075315 prime?
False
Is 253315747 composite?
False
Is 1156079 composite?
False
Is 3925421 a prime number?
True
Is 29645039 a prime number?
True
Is 9240919 prime?
True
Is 17944963 prime?
False
Is 79334713 a prime number?
False
Is 949579 a composite number?
True
Is 207818749 composite?
False
Is 2075219 a composite number?
True
Is 1798722815 composite?
True
Is 121517 a composite number?
True
Is 26029 a composite number?
False
Is 3517081 prime?
False
Is 615229 composite?
False
Is 98390437 a composite number?
True
Is 44331229 composite?
True
Is 9953393 composite?
True
Is 86717089 prime?
True
Is 145532399 a prime number?
True
Is 106015927 a composite number?
True
Is 2928251 composite?
False
Is 53758139 composite?
True
Is 2997517 a composite number?
True
Is 3316441 prime?
True
Is 2593949 a prime number?
False
Is 1512253 a composite number?
False
Is 72052943 prime?
False
Is 22835627 a composite number?
True
Is 1714879 composite?
True
Is 229253501 a composite number?
False
Is 330472273 prime?
True
Is 6926551 a composite number?
False
Is 94134991 composite?
True
Is 5099053 prime?
True
Is 246773111 prime?
False
Is 10564951 prime?
True
Is 20950871 a prime number?
True
Is 12973783 prime?
False
Is 5518041 composite?
True
Is 3652871 a prime number?
True
Is 11673131 composite?
False
Is 5695979 prime?
False
Is 24539311 a composite number?
True
Is 8143391 composite?
True
Is 550271023 a composite number?
True
Is 492227 a prime number?
True
Is 10209079 a prime number?
False
Is 26103541 composite?
False
Is 6829897 a composite number?
False
Is 315190139 a composite number?
True
Is 10232959 a composite number?
True
Is 1213453673 composite?
False
Is 24221009 a composite number?
False
Is 338833 prime?
False
Is 12290059 a composite number?
True
Is 20684761 a composite number?
False
Is 27657853 composite?
False
Is 7651367 a prime number?
False
Is 125765329 a composite number?
False
Is 788352473 a composite number?
False
Is 54824117 a prime number?
False
Is 1514771 composite?
True
Is 80660777 a prime number?
False
Is 710459 com